. Does 9 divide s?
False
Suppose -446 - 1202 = -5*v + c, -3*v = 5*c - 972. Does 28 divide v?
False
Let x(i) = -i**2 - 23*i - 14. Let o be x(-10). Suppose u - 28 + 2 = -5*b, 2*u = 5*b - 23. Suppose b*t = t + o. Does 11 divide t?
False
Let g(s) = s**3 + s**2. Let n be g(1). Suppose -49 = -n*m + 35. Is m a multiple of 16?
False
Suppose 4*d + 4 = 4*s, 4*s - 3 = 5*d + 1. Let m = 13 - s. Is m a multiple of 4?
True
Let g(y) = -10*y - 13. Let o(v) = -v**2 + 19*v + 27. Let p(j) = -5*g(j) - 2*o(j). Does 13 divide p(-9)?
True
Suppose 5*r - 2*k + 0*k + 9 = 0, 2*r - k + 4 = 0. Does 7 divide 57*(r/3)/(-1)?
False
Suppose 3*r - 4*p - 48 = 0, 5*r + 6*p - 51 = 3*p. Let m = r - -3. Is 15 a factor of m?
True
Suppose 3*f - 2*b = -6*b + 566, -3*f + 2*b + 554 = 0. Is f a multiple of 31?
True
Suppose 0 = -6*b + 7*b - 25. Suppose 2*t - 16 = 2*v - 40, -4*v = 5*t + 24. Let x = b + t. Is 17 a factor of x?
True
Suppose 3*f = -0*f + 5*n + 11, 5*f + 2*n = 8. Suppose -5*u = -f*u - 96. Is 12 a factor of u?
False
Suppose 3*t - 16 = 29. Suppose t + 5 = 4*l. Let a(n) = -n**3 + 8*n**2 - 5*n. Is 19 a factor of a(l)?
False
Suppose -4*f = -2*w - 1 - 1, -38 = -2*w - 4*f. Suppose -w + 3 = z. Let h = 14 + z. Is 8 a factor of h?
True
Let v(w) = w**2 + 8*w - 4. Let h be v(-10). Let z = -6 + h. Is z a multiple of 10?
True
Let s = -9 - -9. Let d = s + 2. Suppose -33 = -j - d*j. Does 7 divide j?
False
Suppose -4*j = j. Suppose j = s - 5*s + 12. Is (-12 - -2)*(s + -5) a multiple of 20?
True
Let q = -26 - -42. Is q a multiple of 5?
False
Suppose -2*l + 69 - 25 = 0. Does 11 divide l?
True
Let f = 40 + -12. Suppose 2*c + 2*c = -d + f, 0 = -2*d + 5*c - 9. Is (d/(-20))/((-1)/45) a multiple of 17?
False
Let r = 8 + -1. Let m(f) = f**2 - 2*f - 7. Does 14 divide m(r)?
True
Suppose -3*n + 2*n = -6. Suppose 0 = -2*g - 0*g - n, -3*m - 3*g = -105. Is m a multiple of 19?
True
Suppose 5*o = 3*z + 4, -6*o = 4*z - 2*o - 16. Suppose -2*s + 18 = 4*t, -10 + 1 = -3*t. Suppose s*r = 5*n - 16, 3*r + 2*r + z*n - 25 = 0. Is 2 a factor of r?
False
Let u(h) = 1 - 2 - 4 - 2*h. Let p be u(-4). Suppose -p*d + 81 - 3 = 0. Does 11 divide d?
False
Suppose 2*k = k + 3*m + 309, 0 = -k - 5*m + 317. Is k a multiple of 53?
False
Let b be (5*-2)/(-2) - 2. Suppose b*c - 5 - 4 = 0. Suppose 49 = 3*u - 5*z, c*u - 3*z + z = 52. Does 5 divide u?
False
Let d(o) = 6*o - 2. Let u be (-122)/(-18) + (-4)/(-18). Let k be d(u). Suppose j - k = -j. Is 8 a factor of j?
False
Suppose -3*n + 79 = -5*w - 44, 0 = 3*n + 3*w - 147. Suppose 5*k + r - 15 = 0, -k + 5*r = -0*k + 23. Suppose n = -0*a + k*a. Is a a multiple of 10?
False
Let z(q) = 7*q - 1. Is z(3) a multiple of 4?
True
Let d = -11 - -2. Let g be d/(-6) + 1/2. Suppose g*i = -1 + 25. Is 12 a factor of i?
True
Let h(d) = -d + 6. Let q be h(-6). Let v be (-2 - q/(-10))*-5. Is 4 a factor of v + 0*3/6?
True
Let h = 8 + -4. Suppose -65 = -f - h*f - 5*t, 2*f - 16 = -4*t. Let q = 36 - f. Is q a multiple of 18?
True
Is -1*((-2)/(-3))/((-18)/2619) a multiple of 18?
False
Suppose 198 = 4*u - 94. Is u a multiple of 8?
False
Let c(k) = k**2 + 5*k - 3. Let t be c(-6). Does 3 divide t*((-5)/(-3) - -2)?
False
Suppose -3*z + 67 = -371. Let n = 158 + z. Is 12 a factor of (n/(-20))/((-6)/15)?
False
Suppose -4*m + 4*q = -820, -3*m + 0*m + 616 = -4*q. Suppose -4*f = 5*k - 110 - m, 0 = k - f - 70. Suppose -2*c - k = -5*c. Does 11 divide c?
True
Let g(y) = -y**3 + 28*y**2 + 14. Is g(28) a multiple of 14?
True
Let l(d) = -d**3 - d**2 + 14*d + 44. Is l(-7) a multiple of 15?
True
Let j be (-6)/(-8) + (-27)/(-12). Suppose 2 = -5*h - j*f, -4*h = -2*h - 3*f - 16. Is 2 a factor of h?
True
Suppose -3*y + 3*a - 16 = -4*y, -y + 3*a + 16 = 0. Let d = y - -24. Does 11 divide d?
False
Let o(q) be the second derivative of -25*q**3/6 + q**2/2 - 3*q. Let r be o(1). Let u = -12 - r. Is 6 a factor of u?
True
Suppose 10*i = 6*i + 160. Does 8 divide i?
True
Suppose -s - 2*x + 40 = 0, -2*s - s = 4*x - 124. Let o = s + -19. Does 17 divide o?
False
Let s(h) = h + 7. Let x be s(6). Does 7 divide x + -1 + -1 + 1?
False
Let y be 1/(-1)*-6*2. Let g = y + -8. Does 3 divide g?
False
Let x(l) = -l + 12. Let s be x(10). Suppose 38 = 4*r - s*t, 0 = 5*r + 2*t + 1 - 62. Is 7 a factor of r?
False
Let f = -155 + 341. Does 27 divide f?
False
Let v be (-440)/(-12) - (-1)/3. Suppose -w + v = 3*z - 7*z, 65 = 2*w + z. Does 11 divide w?
True
Let q = -10 + 10. Suppose 0 = j - q*j + 5*v + 10, 3*j = 5*v + 30. Is j even?
False
Suppose -3*p - 1 - 5 = -5*l, 5*l + 5*p = 30. Suppose 3*j + 5*f = j + 65, 3*f = -l*j + 93. Suppose 4*z - j = 3*z. Is z a multiple of 15?
True
Let x(h) = h + 1 + 4 - 2. Let b be x(-5). Is 4 a factor of (-20)/((-4)/((-4)/b))?
False
Suppose d + 15 = 3*n - 1, 4*n = -3*d + 4. Let i(f) = -f**3 + 3*f**2 + 4*f. Let u be i(n). Suppose -2*y = u, w - 48 = -3*w + 3*y. Does 12 divide w?
True
Suppose -328 = -3*d + 2*q, -5*d + 0*q + 549 = -q. Is d/3 - 4/6 a multiple of 18?
True
Let u(g) be the third derivative of g**6/120 - g**5/10 + g**4/24 - g**3/6 + g**2. Let f be u(6). Is 5 a factor of ((-24)/14)/(f/(-35))?
False
Let l(i) = i**2 + 5*i + 5. Let y be l(-7). Suppose -5 = -s + y. Is s a multiple of 12?
True
Let m be ((-2)/(-4))/(2/24). Suppose m*c - c = 135. Is c a multiple of 12?
False
Let g = -1 - 2. Let b(i) be the first derivative of -i**4/4 - 2*i**2 - i - 1. Is b(g) a multiple of 13?
False
Let r(n) = -5*n + 4. Is 7 a factor of r(-16)?
True
Let b = 9 + -4. Suppose h + 5*t - 25 = 6, b = -t. Suppose 3*d - h = -5. Is d a multiple of 14?
False
Let i(s) = 49*s**2 - 1 + 8*s - 20*s + 12*s. Let a(x) = x - 4. Let o be a(5). Is 16 a factor of i(o)?
True
Suppose 3*q - 6*z + z = 537, -4*q + 2*z + 702 = 0. Is q a multiple of 18?
False
Let r(c) = c + 5. Let d be r(-5). Suppose -2*b + 52 - 14 = d. Is 9 a factor of b?
False
Let t = -111 + 211. Is 25 a factor of t?
True
Let z(l) = -l - 4. Let c be z(-7). Let t(u) = u + 7. Let s be t(-5). Is 4 a factor of (-6)/s*(-10)/c?
False
Let v = -1 - -1. Suppose 0 = -o - v*o + 16. Does 16 divide o?
True
Let a be -1 + 28 + (-6 - -5). Let v = 54 - a. Is 14 a factor of v?
True
Let k = -626 + 946. Does 13 divide k?
False
Let i(t) = 2*t**3 - 3*t**2 + 4*t + 1. Does 21 divide i(3)?
False
Let g be (-2)/((-8)/28)*-1. Let n(h) be the second derivative of -h**3 - 9*h**2/2 - h. Is n(g) a multiple of 20?
False
Let z(q) = -q**3 + 4*q**2 - q - 2. Let t be z(3). Let m(p) = -p - p**3 - 6*p**2 + t*p - 5 + p. Is m(-7) a multiple of 6?
False
Suppose 4*l - 111 = -q - 0*q, 5*q = 15. Suppose -a - 4*z = 2*a - l, -a + 4*z = -25. Suppose 0 = h - a - 0. Is h a multiple of 13?
True
Let u(z) = 3 + 0*z - z - 1. Let x be u(0). Suppose 5*n - x*n = 24. Does 8 divide n?
True
Suppose 52 + 23 = 5*q. Suppose t + 4*l - 43 - q = 0, -2*l = t - 52. Does 23 divide t?
True
Let j be 72/32*16/6. Suppose -q + j*q - 50 = 0. Is q a multiple of 9?
False
Let u = -158 + 300. Suppose 5*c - 7*c + u = 0. Is 18 a factor of c?
False
Suppose o - 11 = 4. Is 15 a factor of o/((0 - 1)*-1)?
True
Let c(i) = -i**3 - 5*i**2 + 3*i + 8. Is c(-6) a multiple of 13?
True
Let f be (4 - -143)*3/9. Let m = f + -22. Is 26 a factor of m?
False
Let x(k) = -k**3 + 3*k**2 + 7*k - 6. Suppose 2*o + 5*u = -12, 0 = -4*o - 2*u - 2*u. Let j be x(o). Suppose -j*g + 3*g = -48. Is g a multiple of 6?
False
Let j = 427 - 1715. Is (-6)/(-10) - j/70 a multiple of 6?
False
Suppose -l - 1 = -3. Suppose 5*z = -n - 25, 5 + 9 = z + 4*n. Does 9 divide 12*l + (-3 - z)?
True
Let g = 1 - -1. Let b = -1 + 5. Suppose 42 = b*w - g*w. Is w a multiple of 6?
False
Let c(m) = m**3 + 9*m**2 + 2*m + 9. Let h be c(-6). Suppose 0 = -4*d + 15 + h. Is d a multiple of 10?
True
Suppose 3*o = 112 - 31. Is o a multiple of 10?
False
Let i(b) = b**2 - 3*b - 4. Let x = 5 - 8. Let r be i(x). Let o = r + 34. Is o a multiple of 16?
True
Suppose -2*v - 5*u + 10 = 0, -5*v + v = 2*u - 4. Suppose v = 5*x - 36 - 29. Does 13 divide x?
True
Let m = 21 + -18. Is 2 a factor of m?
False
Let a = 4 - -12. Is a a multiple of 11?
False
Suppose 0 = -5*d - 3*u - 15, 6*d - 3*d - 5*u - 25 = 0. Let g = d + -6. Let o = 17 - g. Does 18 divide o?
False
Let c = -252 - -440. Does 14 divide c?
False
Let t = -478 - -796. Is t a multiple of 53?
True
Let t = 19 + -38. Let u = t - -31. Is 6 a factor of u?
True
Suppose 0 = 3*g - l - 128, 5*g - 4*g - l - 44 = 0. Is 6 a 